
967
Let s be (-1)/(-2) + 39/(-6). Let z be (-3 - s)*5/3. Suppose -2*q + q = -5*g + 61, -33 = -g - z*q. List the prime factors of g.
13
Let k(h) = h + 19. Let y be k(-7). Suppose -4*r + y*r - 2840 = 0. What are the prime factors of r?
5, 71
Suppose b + 0 = -2, -2*b = -2*u + 20. Let r(m) = -m - 27 + 9*m**2 - u*m**2 + 6 + 3*m. List the prime factors of r(10).
3, 11
Let l = -712 + 719. Let n(x) = 4*x**3 - 14*x**2 - 15*x + 37. What are the prime factors of n(l)?
2, 3, 103
Let m be -13 + 40 + (-15)/(-1*3). Suppose -m*y = -35*y + 2064. What are the prime factors of y?
2, 43
What are the prime factors of (13557/(-4))/((-174)/696)?
3, 4519
Let o(d) = -79*d - 212. Let y = 498 - 507. List the prime factors of o(y).
499
Suppose 20 = -10*v + 15*v. Suppose 2*u - 57 - 35 = v*i, 0 = 5*u + 2*i - 242. Suppose -h + u = -5*x, -336 = -5*h + 2*x - 73. List the prime factors of h.
53
Let g(w) = -61*w**3 + 3*w**2 + 3*w. Let z be g(-2). Let v = z + 167. What are the prime factors of v?
661
Let z(j) = 2*j**3 - 29*j**2 - 115*j - 52. List the prime factors of z(18).
2, 73
Let v(z) = 171*z**3 - z**2 - 2*z + 4. Let r be v(2). Suppose a = -100 + r. What are the prime factors of a?
2, 79
Suppose -7*w - 1499 = 335. Let u be w/8*(-4)/(-1) - -1. Let r = 184 + u. List the prime factors of r.
2, 3
Suppose 13*r - 56989 = 2*r + 55563. What are the prime factors of r?
2, 1279
Let c be 5 - (-1 + 3) - -329. Let i = c + -746. List the prime factors of i/24*(-8)/3.
2, 23
Let h = 619 - -189. Suppose -1268 = -12*w + h. List the prime factors of w.
173
Suppose 5*q + 3*j - 43760 = 0, -4*q - 23*j + 35025 = -24*j. What are the prime factors of q?
5, 17, 103
Suppose -9*w + 39 = -6. Suppose -1046 = -5*s + 2*b, -s + w*b + 220 = b. What are the prime factors of s?
2, 13
Let l(n) = -16*n + 30. Let r be l(-1). Suppose 54*j = r*j + 11584. List the prime factors of j.
2, 181
Let u(o) = 56*o**2 + 55*o - 3718. What are the prime factors of u(37)?
97, 773
Let u = -183 + 194. Suppose -765 = -u*h + 2*h. What are the prime factors of h?
5, 17
Let y be 2/((-12)/17829*9/(-6)). Suppose -4*z - 4*d + 539 + y = 0, 4 = d. What are the prime factors of z?
2, 313
What are the prime factors of (14 - -2459)*(4 + -2)/(2/9)?
3, 2473
Let z(x) be the third derivative of x**5/60 + 7*x**4/12 - 2*x**3/3 - 302*x**2. Let s be (17/(-2))/(1/2). What are the prime factors of z(s)?
47
Let t = 137 + -83. Suppose t = -6*x + 12*x. Suppose 451 + 35 = x*p. List the prime factors of p.
2, 3
Let l(n) be the second derivative of 5*n**4/6 + n**3/2 + 11*n**2 + 31*n - 2. What are the prime factors of l(11)?
5, 11, 23
Suppose h = -4*s + 9494, 64*h - 59*h - 2*s - 47602 = 0. What are the prime factors of h?
2, 4759
Let f be (-90)/36 - ((-15)/(-6))/5. List the prime factors of 25 - -1594 - (2/(-2) - f).
3, 7, 11
Let j = 27 - 25. Suppose -24 = -6*t + j*t. Suppose -t*x = 5*x - 88. List the prime factors of x.
2
Let n(u) = 491*u + 1362. List the prime factors of n(26).
2, 883
Let c be (16/6)/((-12)/(-18)). Let x = 40 + -34. Suppose x*q = c*q + 24. List the prime factors of q.
2, 3
Suppose -35*u + 17760 = 5*u. Suppose 2*v - u - 564 = 0. List the prime factors of v.
2, 3, 7
Suppose 12*b + 93976 = 80*b. What are the prime factors of b?
2, 691
Let y = -85 - -88. Suppose i + 3*n = 2, 2*n = -y*n - 5. Suppose 0 = -3*b + 4*u + 501, -3*b - i*u + 334 = -b. What are the prime factors of b?
167
Suppose 0*o + 3*c + 5 = o, -4*c - 5 = -o. Suppose -t = o*h + 65, 0 = 5*h - 5*t + 4*t + 75. What are the prime factors of -2*(-1370)/4*h/(-70)?
137
Let y(u) be the first derivative of 2*u**3/3 + 11*u**2 + 8*u - 15. Let n be y(-8). Let m = n - -57. What are the prime factors of m?
17
Let n = 11764 + 5438. List the prime factors of n.
2, 3, 47, 61
Let l = 233 + -213. List the prime factors of -1 - (l*-1 - 0).
19
Let i be ((-640)/24)/((-3)/18). Let b be 4 - ((1 - 1) + 2). What are the prime factors of (b/(-2) - (0 - 1)) + i?
2, 5
Suppose -9*g + 11649 = -15*g + 58647. What are the prime factors of g?
3, 7, 373
Suppose 3*z + 20 = 7*z. Suppose 6*f - z = 31. Suppose 7*u = f*u + 113. List the prime factors of u.
113
Suppose 32*f = 29*f + 27. Let b be (-4)/18 + (-1)/(f/(-2864)). Suppose 0*y + 424 = 4*y - t, 3*y - t - b = 0. What are the prime factors of y?
2, 53
Suppose 2*q = 4*l - 4, 7 = 4*q - 4*l - 5. Suppose -5*y + 5*w - 4*w = -2, 5*y - 4*w = q. Suppose 7*x - 4*x - 195 = y. List the prime factors of x.
5, 13
Let x(q) = 6*q**2 + 16*q + 19. Let s be x(-2). Let w(i) = 32*i + 7. List the prime factors of w(s).
359
Let y be (-32)/(-6) - (100/(-15))/10. Let c = -6 + y. Suppose c = -4*a - 4*q + 2*q + 228, 0 = 4*a - 5*q - 214. What are the prime factors of a?
2, 7
Suppose -i + 4*w + 52 = 0, 0 = -i - 2*i - 5*w + 224. Suppose -6*j + i = -64. What are the prime factors of (-466)/(-2) + (j - 21)?
2, 3, 13
Suppose a = 0, -3*z + 6*a = 3*a - 12. Suppose -240 = -8*r + z*r. List the prime factors of r.
2, 3, 5
Let b be ((-270)/75)/(8/(-880)). Suppose 0 = -2*g + 7*g + 840. Let t = b + g. List the prime factors of t.
2, 3, 19
Let z(h) = -h**3 - 2*h**2 - 2*h. Let s(w) = -3*w - 11. Let i be s(-3). Let j be z(i). Suppose -j*d + 456 = 2*d. What are the prime factors of d?
2, 19
Suppose 10*f - 30441 = 1479. Suppose 0*o = 12*o - f. List the prime factors of o.
2, 7, 19
List the prime factors of 2887 + 1/(9/(-9)).
2, 3, 13, 37
Let o(l) = 30*l**2 + 3*l - 3. Let b be o(3). Suppose 116*r - 8130 = 68*r + 13902. Let n = r - b. What are the prime factors of n?
3, 61
Let t(f) be the third derivative of 5*f**4/6 + f**3 - 15*f**2 - f. Let g = -7 - -11. What are the prime factors of t(g)?
2, 43
Suppose -3*i + 2 = -2*o + 1, 4*i = 20. Let q(z) = z**2 - 5*z - 12. Let g(d) = -5*d - 13. Let k(m) = o*q(m) - 6*g(m). What are the prime factors of k(-3)?
2, 3
Let f = 29592 + -28874. List the prime factors of f.
2, 359
Suppose -8*a = -21*a + 5564. Suppose -6*t + a = -8020. List the prime factors of t.
2, 11
What are the prime factors of (13 - 23) + 22 + 18704?
2, 4679
Suppose -11617 - 7367 = -4*m. What are the prime factors of m?
2, 3, 7, 113
Let o = -37 - -6. Let j = o + 24. What are the prime factors of j*(-9)/42*36?
2, 3
Suppose 0*g - 127262 = -38*g. What are the prime factors of g?
17, 197
Let r = -146 - -152. List the prime factors of 5615/25 + 1*r/(-10).
2, 7
Suppose 0*r = -11*r - 0*r. Suppose r = -5*n + 2*d - 12, 0 = n + 3*d + d - 2. List the prime factors of 1 + 62 + 0 - n.
5, 13
Let j(x) = 4*x - 11. Let r be j(5). Suppose 192 = r*q - 12*q. What are the prime factors of (-1 - q/(-5))/(3/(-15))?
3, 23
Suppose 303*l + 50873 + 48187 = 308*l. What are the prime factors of l?
2, 3, 13, 127
Suppose -3 = -3*r, -505 = -5*w - r + 326. Let m be w - (4 - (-3 - -6)). Suppose 11*f - 748 = m. What are the prime factors of f?
83
Let w = -1075 - -1078. Suppose 2*h - 446 = 4*x, 0 = 3*h + 2*h + 5*x - 1160. Suppose -w*o + h = 22. What are the prime factors of o?
3, 23
Let l = 10 - -950. Suppose -3*j + 576 = -5*y, -4*y + 9*y = 5*j - l. What are the prime factors of j?
2, 3
List the prime factors of 13412/(21/(-12) + 420/112).
2, 7, 479
Suppose -49 - 41 = 5*w. Let n(i) = -34*i - 269. What are the prime factors of n(w)?
7
Let g(u) = -u**2 + 11*u - 4. Let r be g(11). Let c be (-1)/((-3)/48*r). What are the prime factors of (-1)/((-972)/(-244) + c)?
61
Let q be (-6)/(-4)*(-4)/2. What are the prime factors of (-3 - (-4)/8)*774/q?
3, 5, 43
Let p(t) be the third derivative of 3*t**5/40 + 5*t**4/24 + 8*t**3/3 + 3*t**2. Let m(d) be the first derivative of p(d). List the prime factors of m(6).
59
Let a(y) = 827*y - 2815. List the prime factors of a(7).
2, 1487
Suppose -3*n - 5*q + 1894 = -10*q, 0 = 2*n + 3*q - 1250. Suppose 2*m = 2*w - n, -3*w + 948 = -4*m + 10. List the prime factors of w.
2, 3, 53
Let i(l) = 2 + 54*l**2 - 4281*l - 7*l**2 + 4270*l. List the prime factors of i(4).
2, 5, 71
Let w(c) = -c**3 + 13*c**2 - 11*c - 15. Suppose 2*g - 3*n - 15 = 0, 3*g = 3*n - 4*n + 39. Let d be w(g). List the prime factors of -139*(-1 - (0 - d) - -3).
139
Let f = 18 - 16. Suppose 4*k - f*k = 0. Let b(u) = -u**2 + 30. What are the prime factors of b(k)?
2, 3, 5
Suppose 10 = -5*r, -5*i + 10*i - r + 3403 = 0. Let z = -469 - i. List the prime factors of z.
2, 53
Let f = -192 - 11. Suppose i = 11*i + 1130. Let y = i - f. List the prime factors of y.